{"id":9,"date":"2010-06-07T20:48:58","date_gmt":"2010-06-07T20:48:58","guid":{"rendered":"http:\/\/www.oegv-bruck.at\/?page_id=9"},"modified":"2024-04-07T20:03:48","modified_gmt":"2024-04-07T19:03:48","slug":"anfahrtsplan","status":"publish","type":"page","link":"https:\/\/www.oegv-bruck.at\/?page_id=9","title":{"rendered":"Anfahrtsplan"},"content":{"rendered":"<h4>zur <a style=\"text-align: left;\" href=\"http:\/\/maps.google.com\/maps?f=d&amp;source=embed&amp;saddr=48.028403,16.800835&amp;daddr=&amp;hl=de&amp;geocode=&amp;mra=mift&amp;mrsp=0&amp;sz=15&amp;sll=48.03069,16.799126&amp;sspn=0.012283,0.042272&amp;ie=UTF8&amp;t=h&amp;ll=48.03069,16.799126&amp;spn=0.020089,0.036478&amp;z=14\" target=\"_blank\" rel=\"noopener\"><span style=\"color: #ff0000;\">Google Kartenansicht<\/span><\/a><\/h4>\n<address><span style=\"color: #000000;\"><strong><span style=\"color: #008000;\">Wir sind in 2460 Bruck an der Leitha, an der\u00a0 Spannweide Ost 1 zu finden &#8211; Einfahrt gegen\u00fcber dem Autohaus Kamper\u00a0\/ \u00d6AMTC &#8211; etwas versteckt, aber daf\u00fcr mitten im Gr\u00fcnen.<\/span><\/strong><\/span><\/address>\n<h5><span style=\"color: #800000;\"><span style=\"text-decoration: underline;\">Anfahrt von der Autobahn A4\u00a0 kommend:<\/span><\/span><\/h5>\n<address>\u00a0<\/address>\n<address>&#8211;<span style=\"text-decoration: underline;\"> <strong>Abfahrt Bruck\/Leitha OST <\/strong><\/span><\/address>\n<address style=\"padding-left: 30px;\">&#8211; am Ende der Abfahrt\u00a0abbiegen auf die B211 Richtung Bruck\/Leitha<\/address>\n<address style=\"padding-left: 30px;\">&#8211; am Einkaufszentrum EcoPlus vorbei<\/address>\n<address style=\"padding-left: 30px;\">&#8211; beim Kreisverkehr zweite Ausfahrt Richtung Bruck\/Leitha nehmen<\/address>\n<address style=\"padding-left: 30px;\">&#8211;\u00a0auf der rechten Seite kommt das Lagerhaus, danach\u00a0das \u00d6AMTC Geb\u00e4ude und Autohaus Kamper, in die Stra\u00dfe<\/address>\n<address style=\"padding-left: 30px;\">GEGEN\u00dcBER abbiegen (also links,\u00a0NACH dem gr\u00fcnen Zaun)<\/address>\n<address>\u00a0<\/address>\n<address>\u00a0<\/address>\n<h5><span style=\"color: #800000;\"><span style=\"text-decoration: underline;\">Anfahrt von der B10 aus Richtung Schwadorf kommend:<\/span><\/span><\/h5>\n<address style=\"padding-left: 30px;\">&#8211; beim ersten Kreisverkehr in Bruck die zweite Ausfahrt nehmen (Alte Wiener Stra\u00dfe-Zentrum)<\/address>\n<address style=\"padding-left: 30px;\">&#8211; am Ende der Stra\u00dfe im Kreisverkehr die zweite Ausfahrt nehmen (Raiffeiseng\u00fcrtel)<\/address>\n<address style=\"padding-left: 30px;\">&#8211; beim n\u00e4chsten Kreisverkehr die zweite Ausfahrt nehmen (Pachfurtherstra\u00dfe)<\/address>\n<address style=\"padding-left: 30px;\">&#8211;\u00a0stadtausw\u00e4rts auf der linken Seite sind die Geb\u00e4ude von Kamper und \u00d6AMTC, in die Stra\u00dfe GEGEN\u00dcBER<\/address>\n<address style=\"padding-left: 30px;\">abbiegen (also rechts, VOR dem gr\u00fcnen Zaun)<\/address>\n","protected":false},"excerpt":{"rendered":"<p>zur Google Kartenansicht Wir sind in 2460 Bruck an der Leitha, an der\u00a0 Spannweide Ost 1 zu finden &#8211; Einfahrt gegen\u00fcber dem Autohaus Kamper\u00a0\/ \u00d6AMTC &#8211; etwas versteckt, aber daf\u00fcr mitten im Gr\u00fcnen. Anfahrt von der Autobahn A4\u00a0 kommend: \u00a0 &#8211; Abfahrt Bruck\/Leitha OST &#8211; am Ende der Abfahrt\u00a0abbiegen auf die B211 Richtung Bruck\/Leitha &#8211; [&hellip;]<\/p>\n","protected":false},"author":1,"featured_media":0,"parent":0,"menu_order":14,"comment_status":"closed","ping_status":"open","template":"","meta":{"footnotes":""},"_links":{"self":[{"href":"https:\/\/www.oegv-bruck.at\/index.php?rest_route=\/wp\/v2\/pages\/9"}],"collection":[{"href":"https:\/\/www.oegv-bruck.at\/index.php?rest_route=\/wp\/v2\/pages"}],"about":[{"href":"https:\/\/www.oegv-bruck.at\/index.php?rest_route=\/wp\/v2\/types\/page"}],"author":[{"embeddable":true,"href":"https:\/\/www.oegv-bruck.at\/index.php?rest_route=\/wp\/v2\/users\/1"}],"replies":[{"embeddable":true,"href":"https:\/\/www.oegv-bruck.at\/index.php?rest_route=%2Fwp%2Fv2%2Fcomments&post=9"}],"version-history":[{"count":31,"href":"https:\/\/www.oegv-bruck.at\/index.php?rest_route=\/wp\/v2\/pages\/9\/revisions"}],"predecessor-version":[{"id":2922,"href":"https:\/\/www.oegv-bruck.at\/index.php?rest_route=\/wp\/v2\/pages\/9\/revisions\/2922"}],"wp:attachment":[{"href":"https:\/\/www.oegv-bruck.at\/index.php?rest_route=%2Fwp%2Fv2%2Fmedia&parent=9"}],"curies":[{"name":"wp","href":"https:\/\/api.w.org\/{rel}","templated":true}]}}