{"id":8,"date":"2010-06-07T20:48:46","date_gmt":"2010-06-07T20:48:46","guid":{"rendered":"http:\/\/www.oegv-bruck.at\/?page_id=8"},"modified":"2026-03-08T16:22:00","modified_gmt":"2026-03-08T15:22:00","slug":"die-trainer","status":"publish","type":"page","link":"https:\/\/www.oegv-bruck.at\/?page_id=8","title":{"rendered":"Unsere Trainer"},"content":{"rendered":"<h4>Bei uns werden nur \u00d6KV &#8211; gepr\u00fcfte<\/h4>\n<h4>TrainerInnen und Kurs Leiterinnen eingesetzt !<\/h4>\n<p>Alle unsere Funktion\u00e4re arbeiten ehrenamtlich und stellen Ihre Arbeitsleistung unseren Mitgliedern unentgeltlich zur Verf\u00fcgung!<\/p>\n<p>&#8212;&#8212;&#8212;&#8212;&#8212;&#8212;&#8212;&#8212;&#8212;&#8212;&#8212;&#8212;&#8212;&#8212;&#8212;&#8212;&#8212;&#8212;&#8212;&#8212;&#8212;&#8212;&#8212;&#8212;&#8212;&#8212;&#8212;&#8212;&#8212;&#8212;&#8212;&#8212;&#8212;&#8212;&#8212;&#8212;&#8212;&#8212;&#8211;<\/p>\n<address><strong><a href=\"http:\/\/www.oegv-bruck.at\/wp-content\/uploads\/1713704065937.jpg\"><img decoding=\"async\" loading=\"lazy\" class=\"alignleft size-medium wp-image-2943\" src=\"http:\/\/www.oegv-bruck.at\/wp-content\/uploads\/1713704065937-256x300.jpg\" alt=\"\" width=\"256\" height=\"300\" srcset=\"https:\/\/www.oegv-bruck.at\/wp-content\/uploads\/1713704065937-256x300.jpg 256w, https:\/\/www.oegv-bruck.at\/wp-content\/uploads\/1713704065937.jpg 676w\" sizes=\"(max-width: 256px) 100vw, 256px\" \/><\/a><\/strong><\/address>\n<address>\u00a0<\/address>\n<address>\u00a0<\/address>\n<address>\n<address><strong>Herta Brandst\u00e4tter<\/strong><br \/>\nTrainerin\u00a0 f\u00fcr Welpen und Unterordnung bis IBGH3<\/address>\n<address>\u00a0<\/address>\n<\/address>\n<address>\u00a0<\/address>\n<address>\u00a0<\/address>\n<address>\u00a0<\/address>\n<address>\u00a0<\/address>\n<address>\u00a0<\/address>\n<address>\u00a0<\/address>\n<address>\u00a0<\/address>\n<address>\u00a0<\/address>\n<address>\u00a0<\/address>\n<address>\u00a0<\/address>\n<address>\u00a0<\/address>\n<address>\u00a0<\/address>\n<address><span style=\"font-style: normal; font-weight: bold;\">Sabine Gaisbauer<\/span><\/address>\n<address>Kursleiterin f\u00fcr St\u00f6bern, Welpen und Unterordnung bis IBGH3<\/address>\n<address>\u00a0<\/address>\n<address><strong><a href=\"http:\/\/www.oegv-bruck.at\/wp-content\/uploads\/1713704086470.jpg\"><img decoding=\"async\" loading=\"lazy\" class=\"alignleft size-medium wp-image-2944\" src=\"http:\/\/www.oegv-bruck.at\/wp-content\/uploads\/1713704086470-225x300.jpg\" alt=\"\" width=\"225\" height=\"300\" srcset=\"https:\/\/www.oegv-bruck.at\/wp-content\/uploads\/1713704086470-225x300.jpg 225w, https:\/\/www.oegv-bruck.at\/wp-content\/uploads\/1713704086470-768x1024.jpg 768w, https:\/\/www.oegv-bruck.at\/wp-content\/uploads\/1713704086470-1152x1536.jpg 1152w, https:\/\/www.oegv-bruck.at\/wp-content\/uploads\/1713704086470.jpg 1200w\" sizes=\"(max-width: 225px) 100vw, 225px\" \/><\/a><\/strong><\/address>\n<address>\u00a0<\/address>\n<address>\u00a0<\/address>\n<address>\u00a0<\/address>\n<address>\n<address><strong>Gabriele Brandst\u00e4tter<\/strong><\/address>\n<address>Trainerin\u00a0 f\u00fcr Welpen und Unterordnung bis IBGH3<\/address>\n<\/address>\n<address>\u00a0<\/address>\n<address>\u00a0<\/address>\n<address>\u00a0<\/address>\n<address>\u00a0<\/address>\n<address>\u00a0<\/address>\n<address>\u00a0<\/address>\n<address>\u00a0<\/address>\n<address>\u00a0<\/address>\n<address>\u00a0<\/address>\n<address>\u00a0<\/address>\n<address>\u00a0<\/address>\n<address>\u00a0<\/address>\n<address>\u00a0<\/address>\n<address><img decoding=\"async\" loading=\"lazy\" class=\"alignleft wp-image-3254 size-medium\" src=\"http:\/\/www.oegv-bruck.at\/wp-content\/uploads\/IMG_20260307_170233_041516-225x300.jpg\" alt=\"\" width=\"225\" height=\"300\" srcset=\"https:\/\/www.oegv-bruck.at\/wp-content\/uploads\/IMG_20260307_170233_041516-225x300.jpg 225w, https:\/\/www.oegv-bruck.at\/wp-content\/uploads\/IMG_20260307_170233_041516-768x1024.jpg 768w, https:\/\/www.oegv-bruck.at\/wp-content\/uploads\/IMG_20260307_170233_041516-1152x1536.jpg 1152w, https:\/\/www.oegv-bruck.at\/wp-content\/uploads\/IMG_20260307_170233_041516-1536x2048.jpg 1536w, https:\/\/www.oegv-bruck.at\/wp-content\/uploads\/IMG_20260307_170233_041516-scaled.jpg 1920w\" sizes=\"(max-width: 225px) 100vw, 225px\" \/><\/address>\n<address>\u00a0<\/address>\n<address>\u00a0<\/address>\n<address><strong>Christian Weinhofer\u00a0<\/strong><\/address>\n<address>Kursleiter f\u00fcr St\u00f6bern\u00a0<\/address>\n<address>\u00a0<\/address>\n<address>\u00a0<\/address>\n<address>\u00a0<\/address>\n<address>\u00a0<\/address>\n<address>\u00a0<\/address>\n<address>\u00a0<\/address>\n<address>\u00a0<\/address>\n<address>\u00a0<\/address>\n<address>\u00a0<\/address>\n<address>\u00a0<\/address>\n<address>\u00a0<\/address>\n<address>\u00a0<\/address>\n<address><strong><strong><a href=\"http:\/\/www.oegv-bruck.at\/wp-content\/uploads\/1713703986670.jpg\"><img decoding=\"async\" loading=\"lazy\" class=\" wp-image-2946 alignleft\" src=\"http:\/\/www.oegv-bruck.at\/wp-content\/uploads\/1713703986670-300x300.jpg\" alt=\"\" width=\"267\" height=\"267\" srcset=\"https:\/\/www.oegv-bruck.at\/wp-content\/uploads\/1713703986670-300x300.jpg 300w, https:\/\/www.oegv-bruck.at\/wp-content\/uploads\/1713703986670-1024x1024.jpg 1024w, https:\/\/www.oegv-bruck.at\/wp-content\/uploads\/1713703986670-150x150.jpg 150w, https:\/\/www.oegv-bruck.at\/wp-content\/uploads\/1713703986670-768x768.jpg 768w, https:\/\/www.oegv-bruck.at\/wp-content\/uploads\/1713703986670.jpg 1376w\" sizes=\"(max-width: 267px) 100vw, 267px\" \/><\/a><\/strong><\/strong><\/p>\n<address>\u00a0<\/address>\n<\/address>\n<address><strong>Brigitte Vaculka<\/strong><\/address>\n<address>Kursleiterin\u00a0 f\u00fcr Welpen und\u00a0 Unterordnung bis IBGH3<\/address>\n<address>\u00a0<\/address>\n<address>\u00a0<\/address>\n<address>\u00a0<\/address>\n<address>\u00a0<\/address>\n<address>\u00a0<\/address>\n<address>\u00a0<\/address>\n<address>\u00a0<\/address>\n<address>\u00a0<\/address>\n<address>\u00a0<\/address>\n<address>\u00a0<\/address>\n<address>\u00a0<\/address>\n<address>\u00a0<\/address>\n<address>\u00a0<\/address>\n<address>\n<address><strong><a href=\"http:\/\/www.oegv-bruck.at\/wp-content\/uploads\/1713704220990-scaled.jpg\"><img decoding=\"async\" loading=\"lazy\" class=\"alignleft size-medium wp-image-2945\" src=\"http:\/\/www.oegv-bruck.at\/wp-content\/uploads\/1713704220990-300x271.jpg\" alt=\"\" width=\"300\" height=\"271\" srcset=\"https:\/\/www.oegv-bruck.at\/wp-content\/uploads\/1713704220990-300x271.jpg 300w, https:\/\/www.oegv-bruck.at\/wp-content\/uploads\/1713704220990-1024x927.jpg 1024w, https:\/\/www.oegv-bruck.at\/wp-content\/uploads\/1713704220990-768x695.jpg 768w, https:\/\/www.oegv-bruck.at\/wp-content\/uploads\/1713704220990-1536x1390.jpg 1536w, https:\/\/www.oegv-bruck.at\/wp-content\/uploads\/1713704220990-2048x1853.jpg 2048w\" sizes=\"(max-width: 300px) 100vw, 300px\" \/><\/a><br \/>\n<\/strong><\/address>\n<\/address>\n<address>\u00a0<\/address>\n<address>\n<address>\n<address><strong>Rita Konstantin<\/strong><\/address>\n<address>Kursleiterin f\u00fcr Welpen und Unterordnung bis IBGH3<\/address>\n<\/address>\n<address>\u00a0<\/address>\n<\/address>\n<address>\u00a0<\/address>\n<address>\u00a0<\/address>\n<address>\u00a0<\/address>\n<address>\u00a0<\/address>\n<address>\u00a0<\/address>\n<address>\u00a0<\/address>\n<address>\u00a0<\/address>\n<address>\u00a0<\/address>\n<address>\u00a0<\/address>\n<address>\u00a0<\/address>\n<address>\u00a0<\/address>\n<address><a href=\"http:\/\/www.oegv-bruck.at\/wp-content\/uploads\/1713959162924.jpg\"><img decoding=\"async\" loading=\"lazy\" class=\"alignleft size-medium wp-image-2960\" src=\"http:\/\/www.oegv-bruck.at\/wp-content\/uploads\/1713959162924-225x300.jpg\" alt=\"\" width=\"225\" height=\"300\" srcset=\"https:\/\/www.oegv-bruck.at\/wp-content\/uploads\/1713959162924-225x300.jpg 225w, https:\/\/www.oegv-bruck.at\/wp-content\/uploads\/1713959162924-768x1024.jpg 768w, https:\/\/www.oegv-bruck.at\/wp-content\/uploads\/1713959162924-1152x1536.jpg 1152w, https:\/\/www.oegv-bruck.at\/wp-content\/uploads\/1713959162924.jpg 1500w\" sizes=\"(max-width: 225px) 100vw, 225px\" \/><\/a><\/address>\n<address>\u00a0<\/address>\n<address>\n<address><strong>Manuel Allacher<\/strong><\/address>\n<address>Kursleiter f\u00fcr Welpen und Unterordnung bis IBGH3\u00a0<\/address>\n<\/address>\n<address>\u00a0<\/address>\n<address>\u00a0<\/address>\n<address>\u00a0<\/address>\n<address>\u00a0<\/address>\n<address>\u00a0<\/address>\n<address>\u00a0<\/address>\n<address>\u00a0<\/address>\n<address>\u00a0<\/address>\n<address>\u00a0<\/address>\n<address>\u00a0<\/address>\n<address>\u00a0<\/address>\n<address>\u00a0<\/address>\n<address>\u00a0<\/address>\n<address>\n<address>\u00a0<\/address>\n<address>\u00a0<\/address>\n<\/address>\n<address>\u00a0<\/address>\n<address>\u00a0<\/address>\n<address>\u00a0<\/address>\n<address>\u00a0<\/address>\n<address>\u00a0<\/address>\n<address>\u00a0<\/address>\n<address>\u00a0<\/address>\n<address>\u00a0<\/address>\n<address>\u00a0<\/address>\n<address>\u00a0<\/address>\n<address>\u00a0<\/address>\n<address>\u00a0<\/address>\n<address>\u00a0<\/address>\n","protected":false},"excerpt":{"rendered":"<p>Bei uns werden nur \u00d6KV &#8211; gepr\u00fcfte TrainerInnen und Kurs Leiterinnen eingesetzt ! Alle unsere Funktion\u00e4re arbeiten ehrenamtlich und stellen Ihre Arbeitsleistung unseren Mitgliedern unentgeltlich zur Verf\u00fcgung! &#8212;&#8212;&#8212;&#8212;&#8212;&#8212;&#8212;&#8212;&#8212;&#8212;&#8212;&#8212;&#8212;&#8212;&#8212;&#8212;&#8212;&#8212;&#8212;&#8212;&#8212;&#8212;&#8212;&#8212;&#8212;&#8212;&#8212;&#8212;&#8212;&#8212;&#8212;&#8212;&#8212;&#8212;&#8212;&#8212;&#8212;&#8212;&#8211; \u00a0 \u00a0 Herta Brandst\u00e4tter Trainerin\u00a0 f\u00fcr Welpen und Unterordnung bis IBGH3 \u00a0 \u00a0 \u00a0 \u00a0 \u00a0 \u00a0 \u00a0 \u00a0 \u00a0 \u00a0 \u00a0 \u00a0 \u00a0 Sabine Gaisbauer Kursleiterin [&hellip;]<\/p>\n","protected":false},"author":1,"featured_media":0,"parent":0,"menu_order":3,"comment_status":"closed","ping_status":"closed","template":"","meta":{"footnotes":""},"_links":{"self":[{"href":"https:\/\/www.oegv-bruck.at\/index.php?rest_route=\/wp\/v2\/pages\/8"}],"collection":[{"href":"https:\/\/www.oegv-bruck.at\/index.php?rest_route=\/wp\/v2\/pages"}],"about":[{"href":"https:\/\/www.oegv-bruck.at\/index.php?rest_route=\/wp\/v2\/types\/page"}],"author":[{"embeddable":true,"href":"https:\/\/www.oegv-bruck.at\/index.php?rest_route=\/wp\/v2\/users\/1"}],"replies":[{"embeddable":true,"href":"https:\/\/www.oegv-bruck.at\/index.php?rest_route=%2Fwp%2Fv2%2Fcomments&post=8"}],"version-history":[{"count":136,"href":"https:\/\/www.oegv-bruck.at\/index.php?rest_route=\/wp\/v2\/pages\/8\/revisions"}],"predecessor-version":[{"id":3256,"href":"https:\/\/www.oegv-bruck.at\/index.php?rest_route=\/wp\/v2\/pages\/8\/revisions\/3256"}],"wp:attachment":[{"href":"https:\/\/www.oegv-bruck.at\/index.php?rest_route=%2Fwp%2Fv2%2Fmedia&parent=8"}],"curies":[{"name":"wp","href":"https:\/\/api.w.org\/{rel}","templated":true}]}}

<h4>Bei uns werden nur ÖKV &#8211; geprüfte</h4>
<h4>TrainerInnen und Kurs Leiterinnen eingesetzt !</h4>
<p>Alle unsere Funktionäre arbeiten ehrenamtlich und stellen Ihre Arbeitsleistung unseren Mitgliedern unentgeltlich zur Verfügung!</p>
<p>&#8212;&#8212;&#8212;&#8212;&#8212;&#8212;&#8212;&#8212;&#8212;&#8212;&#8212;&#8212;&#8212;&#8212;&#8212;&#8212;&#8212;&#8212;&#8212;&#8212;&#8212;&#8212;&#8212;&#8212;&#8212;&#8212;&#8212;&#8212;&#8212;&#8212;&#8212;&#8212;&#8212;&#8212;&#8212;&#8212;&#8212;&#8212;&#8211;</p>
<address><strong><a href="http://www.oegv-bruck.at/wp-content/uploads/1713704065937.jpg"><img decoding="async" loading="lazy" class="alignleft size-medium wp-image-2943" src="http://www.oegv-bruck.at/wp-content/uploads/1713704065937-256x300.jpg" alt="" width="256" height="300" srcset="https://www.oegv-bruck.at/wp-content/uploads/1713704065937-256x300.jpg 256w, https://www.oegv-bruck.at/wp-content/uploads/1713704065937.jpg 676w" sizes="(max-width: 256px) 100vw, 256px" /></a></strong></address>
<address> </address>
<address> </address>
<address>
<address><strong>Herta Brandstätter</strong><br />
Trainerin  für Welpen und Unterordnung bis IBGH3</address>
<address> </address>
</address>
<address> </address>
<address> </address>
<address> </address>
<address> </address>
<address> </address>
<address> </address>
<address> </address>
<address> </address>
<address> </address>
<address> </address>
<address> </address>
<address> </address>
<address><span style="font-style: normal; font-weight: bold;">Sabine Gaisbauer</span></address>
<address>Kursleiterin für Stöbern, Welpen und Unterordnung bis IBGH3</address>
<address> </address>
<address><strong><a href="http://www.oegv-bruck.at/wp-content/uploads/1713704086470.jpg"><img decoding="async" loading="lazy" class="alignleft size-medium wp-image-2944" src="http://www.oegv-bruck.at/wp-content/uploads/1713704086470-225x300.jpg" alt="" width="225" height="300" srcset="https://www.oegv-bruck.at/wp-content/uploads/1713704086470-225x300.jpg 225w, https://www.oegv-bruck.at/wp-content/uploads/1713704086470-768x1024.jpg 768w, https://www.oegv-bruck.at/wp-content/uploads/1713704086470-1152x1536.jpg 1152w, https://www.oegv-bruck.at/wp-content/uploads/1713704086470.jpg 1200w" sizes="(max-width: 225px) 100vw, 225px" /></a></strong></address>
<address> </address>
<address> </address>
<address> </address>
<address>
<address><strong>Gabriele Brandstätter</strong></address>
<address>Trainerin  für Welpen und Unterordnung bis IBGH3</address>
</address>
<address> </address>
<address> </address>
<address> </address>
<address> </address>
<address> </address>
<address> </address>
<address> </address>
<address> </address>
<address> </address>
<address> </address>
<address> </address>
<address> </address>
<address> </address>
<address><img decoding="async" loading="lazy" class="alignleft wp-image-3254 size-medium" src="http://www.oegv-bruck.at/wp-content/uploads/IMG_20260307_170233_041516-225x300.jpg" alt="" width="225" height="300" srcset="https://www.oegv-bruck.at/wp-content/uploads/IMG_20260307_170233_041516-225x300.jpg 225w, https://www.oegv-bruck.at/wp-content/uploads/IMG_20260307_170233_041516-768x1024.jpg 768w, https://www.oegv-bruck.at/wp-content/uploads/IMG_20260307_170233_041516-1152x1536.jpg 1152w, https://www.oegv-bruck.at/wp-content/uploads/IMG_20260307_170233_041516-1536x2048.jpg 1536w, https://www.oegv-bruck.at/wp-content/uploads/IMG_20260307_170233_041516-scaled.jpg 1920w" sizes="(max-width: 225px) 100vw, 225px" /></address>
<address> </address>
<address> </address>
<address><strong>Christian Weinhofer </strong></address>
<address>Kursleiter für Stöbern </address>
<address> </address>
<address> </address>
<address> </address>
<address> </address>
<address> </address>
<address> </address>
<address> </address>
<address> </address>
<address> </address>
<address> </address>
<address> </address>
<address> </address>
<address><strong><strong><a href="http://www.oegv-bruck.at/wp-content/uploads/1713703986670.jpg"><img decoding="async" loading="lazy" class=" wp-image-2946 alignleft" src="http://www.oegv-bruck.at/wp-content/uploads/1713703986670-300x300.jpg" alt="" width="267" height="267" srcset="https://www.oegv-bruck.at/wp-content/uploads/1713703986670-300x300.jpg 300w, https://www.oegv-bruck.at/wp-content/uploads/1713703986670-1024x1024.jpg 1024w, https://www.oegv-bruck.at/wp-content/uploads/1713703986670-150x150.jpg 150w, https://www.oegv-bruck.at/wp-content/uploads/1713703986670-768x768.jpg 768w, https://www.oegv-bruck.at/wp-content/uploads/1713703986670.jpg 1376w" sizes="(max-width: 267px) 100vw, 267px" /></a></strong></strong></p>
<address> </address>
</address>
<address><strong>Brigitte Vaculka</strong></address>
<address>Kursleiterin  für Welpen und  Unterordnung bis IBGH3</address>
<address> </address>
<address> </address>
<address> </address>
<address> </address>
<address> </address>
<address> </address>
<address> </address>
<address> </address>
<address> </address>
<address> </address>
<address> </address>
<address> </address>
<address> </address>
<address>
<address><strong><a href="http://www.oegv-bruck.at/wp-content/uploads/1713704220990-scaled.jpg"><img decoding="async" loading="lazy" class="alignleft size-medium wp-image-2945" src="http://www.oegv-bruck.at/wp-content/uploads/1713704220990-300x271.jpg" alt="" width="300" height="271" srcset="https://www.oegv-bruck.at/wp-content/uploads/1713704220990-300x271.jpg 300w, https://www.oegv-bruck.at/wp-content/uploads/1713704220990-1024x927.jpg 1024w, https://www.oegv-bruck.at/wp-content/uploads/1713704220990-768x695.jpg 768w, https://www.oegv-bruck.at/wp-content/uploads/1713704220990-1536x1390.jpg 1536w, https://www.oegv-bruck.at/wp-content/uploads/1713704220990-2048x1853.jpg 2048w" sizes="(max-width: 300px) 100vw, 300px" /></a><br />
</strong></address>
</address>
<address> </address>
<address>
<address>
<address><strong>Rita Konstantin</strong></address>
<address>Kursleiterin für Welpen und Unterordnung bis IBGH3</address>
</address>
<address> </address>
</address>
<address> </address>
<address> </address>
<address> </address>
<address> </address>
<address> </address>
<address> </address>
<address> </address>
<address> </address>
<address> </address>
<address> </address>
<address> </address>
<address><a href="http://www.oegv-bruck.at/wp-content/uploads/1713959162924.jpg"><img decoding="async" loading="lazy" class="alignleft size-medium wp-image-2960" src="http://www.oegv-bruck.at/wp-content/uploads/1713959162924-225x300.jpg" alt="" width="225" height="300" srcset="https://www.oegv-bruck.at/wp-content/uploads/1713959162924-225x300.jpg 225w, https://www.oegv-bruck.at/wp-content/uploads/1713959162924-768x1024.jpg 768w, https://www.oegv-bruck.at/wp-content/uploads/1713959162924-1152x1536.jpg 1152w, https://www.oegv-bruck.at/wp-content/uploads/1713959162924.jpg 1500w" sizes="(max-width: 225px) 100vw, 225px" /></a></address>
<address> </address>
<address>
<address><strong>Manuel Allacher</strong></address>
<address>Kursleiter für Welpen und Unterordnung bis IBGH3 </address>
</address>
<address> </address>
<address> </address>
<address> </address>
<address> </address>
<address> </address>
<address> </address>
<address> </address>
<address> </address>
<address> </address>
<address> </address>
<address> </address>
<address> </address>
<address> </address>
<address>
<address> </address>
<address> </address>
</address>
<address> </address>
<address> </address>
<address> </address>
<address> </address>
<address> </address>
<address> </address>
<address> </address>
<address> </address>
<address> </address>
<address> </address>
<address> </address>
<address> </address>
<address> </address>

<p>Bei uns werden nur ÖKV &#8211; geprüfte TrainerInnen und Kurs Leiterinnen eingesetzt ! Alle unsere Funktionäre arbeiten ehrenamtlich und stellen Ihre Arbeitsleistung unseren Mitgliedern unentgeltlich zur Verfügung! &#8212;&#8212;&#8212;&#8212;&#8212;&#8212;&#8212;&#8212;&#8212;&#8212;&#8212;&#8212;&#8212;&#8212;&#8212;&#8212;&#8212;&#8212;&#8212;&#8212;&#8212;&#8212;&#8212;&#8212;&#8212;&#8212;&#8212;&#8212;&#8212;&#8212;&#8212;&#8212;&#8212;&#8212;&#8212;&#8212;&#8212;&#8212;&#8211;     Herta Brandstätter Trainerin  für Welpen und Unterordnung bis IBGH3                           Sabine Gaisbauer Kursleiterin [&hellip;]</p>
