{"id":5,"date":"2010-06-07T20:48:05","date_gmt":"2010-06-07T20:48:05","guid":{"rendered":"http:\/\/www.oegv-bruck.at\/?page_id=5"},"modified":"2026-02-15T14:49:03","modified_gmt":"2026-02-15T13:49:03","slug":"uber-uns","status":"publish","type":"page","link":"https:\/\/www.oegv-bruck.at\/?page_id=5","title":{"rendered":"\u00dcber uns"},"content":{"rendered":"<h2 style=\"text-align: left;\">Der Vorstand<\/h2>\n<address style=\"text-align: left;\"><strong>Obfrau: Gabriele Brandst\u00e4tter<\/strong><\/address>\n<address>O<strong>bfrau STV: Manuel Allacher<\/strong><\/address>\n<address style=\"text-align: left; padding-left: 30px;\">\u00a0<\/address>\n<address style=\"text-align: left;\"><strong>Kassier: Sabine Gaisbauer<\/strong><\/address>\n<address>K<strong>assier<\/strong> S<strong>TV: Gertrude Tesch<\/strong><\/address>\n<address style=\"text-align: left; padding-left: 30px;\">\u00a0<\/address>\n<address><strong>Schriftf\u00fchrer:<\/strong><strong> Brigitte Vaculka<\/strong><\/address>\n<address>\u00a0<\/address>\n<address style=\"padding-left: 30px;\">\u00a0<\/address>\n<address style=\"padding-left: 30px;\"><strong>\u00a0<\/strong><\/address>\n<address>\u00a0<\/address>\n<address>\u00a0<\/address>\n<address>\u00a0<\/address>\n<address>\u00a0<\/address>\n<address style=\"padding-left: 30px;\">\u00a0<\/address>\n<address><strong>Ehrenobm\u00e4nner:<\/strong> Ing. Eduard Pipal , Franz Brandst\u00e4tter<\/address>\n<address><strong>Ehrenmitglied: <\/strong>Peter Hovorka, Herta Brandst\u00e4tter<\/address>\n<p style=\"text-align: left;\">Der \u00d6GV Bruck\/Leitha wurde am 18.07.1992 gegr\u00fcndet.<\/p>\n","protected":false},"excerpt":{"rendered":"<p>Der Vorstand Obfrau: Gabriele Brandst\u00e4tter Obfrau STV: Manuel Allacher \u00a0 Kassier: Sabine Gaisbauer Kassier STV: Gertrude Tesch \u00a0 Schriftf\u00fchrer: Brigitte Vaculka \u00a0 \u00a0 \u00a0 \u00a0 \u00a0 \u00a0 \u00a0 \u00a0 Ehrenobm\u00e4nner: Ing. Eduard Pipal , Franz Brandst\u00e4tter Ehrenmitglied: Peter Hovorka, Herta Brandst\u00e4tter Der \u00d6GV Bruck\/Leitha wurde am 18.07.1992 gegr\u00fcndet.<\/p>\n","protected":false},"author":1,"featured_media":0,"parent":0,"menu_order":3,"comment_status":"closed","ping_status":"closed","template":"","meta":{"footnotes":""},"_links":{"self":[{"href":"https:\/\/www.oegv-bruck.at\/index.php?rest_route=\/wp\/v2\/pages\/5"}],"collection":[{"href":"https:\/\/www.oegv-bruck.at\/index.php?rest_route=\/wp\/v2\/pages"}],"about":[{"href":"https:\/\/www.oegv-bruck.at\/index.php?rest_route=\/wp\/v2\/types\/page"}],"author":[{"embeddable":true,"href":"https:\/\/www.oegv-bruck.at\/index.php?rest_route=\/wp\/v2\/users\/1"}],"replies":[{"embeddable":true,"href":"https:\/\/www.oegv-bruck.at\/index.php?rest_route=%2Fwp%2Fv2%2Fcomments&post=5"}],"version-history":[{"count":43,"href":"https:\/\/www.oegv-bruck.at\/index.php?rest_route=\/wp\/v2\/pages\/5\/revisions"}],"predecessor-version":[{"id":3237,"href":"https:\/\/www.oegv-bruck.at\/index.php?rest_route=\/wp\/v2\/pages\/5\/revisions\/3237"}],"wp:attachment":[{"href":"https:\/\/www.oegv-bruck.at\/index.php?rest_route=%2Fwp%2Fv2%2Fmedia&parent=5"}],"curies":[{"name":"wp","href":"https:\/\/api.w.org\/{rel}","templated":true}]}}

Über uns

<h2 style="text-align: left;">Der Vorstand</h2>
<address style="text-align: left;"><strong>Obfrau: Gabriele Brandstätter</strong></address>
<address>O<strong>bfrau STV: Manuel Allacher</strong></address>
<address style="text-align: left; padding-left: 30px;"> </address>
<address style="text-align: left;"><strong>Kassier: Sabine Gaisbauer</strong></address>
<address>K<strong>assier</strong> S<strong>TV: Gertrude Tesch</strong></address>
<address style="text-align: left; padding-left: 30px;"> </address>
<address><strong>Schriftführer:</strong><strong> Brigitte Vaculka</strong></address>
<address> </address>
<address style="padding-left: 30px;"> </address>
<address style="padding-left: 30px;"><strong> </strong></address>
<address> </address>
<address> </address>
<address> </address>
<address> </address>
<address style="padding-left: 30px;"> </address>
<address><strong>Ehrenobmänner:</strong> Ing. Eduard Pipal , Franz Brandstätter</address>
<address><strong>Ehrenmitglied: </strong>Peter Hovorka, Herta Brandstätter</address>
<p style="text-align: left;">Der ÖGV Bruck/Leitha wurde am 18.07.1992 gegründet.</p>

<p>Der Vorstand Obfrau: Gabriele Brandstätter Obfrau STV: Manuel Allacher   Kassier: Sabine Gaisbauer Kassier STV: Gertrude Tesch   Schriftführer: Brigitte Vaculka                 Ehrenobmänner: Ing. Eduard Pipal , Franz Brandstätter Ehrenmitglied: Peter Hovorka, Herta Brandstätter Der ÖGV Bruck/Leitha wurde am 18.07.1992 gegründet.</p>
